 108 and 166806.
54
Calculate the highest common divisor of 6868 and 193920.
404
What is the highest common factor of 43091 and 451?
41
What is the greatest common factor of 340719 and 1658?
829
What is the highest common divisor of 7046 and 53658?
542
Calculate the greatest common divisor of 120 and 1047900.
60
What is the greatest common factor of 1720 and 3160?
40
Calculate the highest common divisor of 10701 and 58.
29
Calculate the greatest common factor of 2622 and 552.
138
What is the greatest common factor of 403 and 6100211?
403
What is the greatest common divisor of 96 and 1139328?
96
What is the highest common factor of 16562 and 3042?
338
Calculate the greatest common divisor of 1989 and 10710.
153
Calculate the highest common divisor of 161 and 5359.
23
What is the highest common divisor of 25 and 5795?
5
Calculate the highest common factor of 1748 and 14720.
92
Calculate the highest common factor of 144 and 1529964.
36
Calculate the highest common divisor of 642 and 2471700.
642
What is the greatest common factor of 530 and 171720?
530
What is the highest common factor of 1702 and 3339324?
1702
What is the greatest common divisor of 3736440 and 135?
45
Calculate the highest common factor of 64 and 716152.
8
Calculate the greatest common divisor of 1256 and 556565.
157
What is the greatest common factor of 315008 and 2116?
92
Calculate the greatest common divisor of 59348 and 37.
37
What is the highest common factor of 24492 and 780?
156
Calculate the highest common divisor of 1718820 and 10.
10
What is the greatest common divisor of 72 and 344?
8
Calculate the highest common divisor of 9514 and 8378.
142
What is the highest common divisor of 2 and 21536?
2
Calculate the highest common divisor of 6708 and 18.
6
What is the greatest common divisor of 362390 and 70?
70
Calculate the highest common factor of 823326 and 189.
21
What is the greatest common factor of 359075 and 11925?
1325
What is the greatest common factor of 48620 and 5980?
260
Calculate the greatest common divisor of 286660 and 40.
20
Calculate the highest common divisor of 1131 and 26390.
377
Calculate the highest common factor of 3610 and 170.
10
Calculate the highest common factor of 5913 and 96633.
81
What is the greatest common divisor of 1232 and 227248?
112
Calculate the greatest common divisor of 62 and 553846.
62
Calculate the greatest common factor of 18852 and 36.
12
What is the greatest common factor of 432395 and 85?
85
Calculate the highest common factor of 12 and 200802.
6
What is the highest common divisor of 50 and 254070?
10
What is the greatest common divisor of 388 and 29003?
97
What is the highest common divisor of 18561 and 52455?
807
Calculate the highest common factor of 5700 and 9600.
300
What is the highest common factor of 1710 and 1494?
18
Calculate the highest common factor of 261516 and 6324.
372
Calculate the greatest common factor of 117 and 51142.
13
Calculate the highest common factor of 71592 and 17427.
471
What is the highest common divisor of 1394382 and 9768?
2442
What is the highest common divisor of 7686 and 2257488?
1098
Calculate the highest common divisor of 108814 and 82.
82
What is the greatest common divisor of 177 and 925887?
177
Calculate the highest common factor of 1422 and 93141.
711
What is the greatest common factor of 27343 and 1813?
37
What is the greatest common factor of 722 and 80978?
38
Calculate the highest common divisor of 8089345 and 627.
209
Calculate the highest common divisor of 106 and 91319.
53
What is the highest common factor of 72 and 32280?
24
Calculate the greatest common factor of 144 and 21348.
36
What is the highest common factor of 3346 and 59750?
478
What is the highest common divisor of 120 and 45060?
60
Calculate the highest common factor of 44 and 334004.
44
Calculate the greatest common divisor of 72 and 22095.
9
What is the highest common factor of 27963 and 234?
117
Calculate the highest common factor of 117 and 637.
13
What is the greatest common factor of 181 and 292496?
181
What is the highest common factor of 21600 and 150?
150
What is the greatest common divisor of 177 and 3246357?
177
Calculate the highest common divisor of 22814 and 66.
22
Calculate the highest common factor of 276900 and 24.
12
What is the greatest common factor of 287 and 1797481?
287
What is the greatest common divisor of 16863 and 1001?
77
Calculate the highest common factor of 22530 and 360.
30
What is the highest common factor of 387770 and 115?
5
What is the greatest common divisor of 8118 and 55022?
902
Calculate the highest common divisor of 161424 and 40.
8
Calculate the greatest common factor of 6040 and 92412.
604
Calculate the greatest common factor of 306 and 56916.
306
Calculate the highest common factor of 6237 and 1407.
21
Calculate the greatest common divisor of 768 and 1888.
32
What is the highest common factor of 704 and 165264?
176
Calculate the highest common divisor of 62789 and 6401.
37
Calculate the greatest common factor of 173696 and 3658.
118
What is the highest common factor of 261 and 198621?
261
Calculate the greatest common factor of 4465 and 1128.
47
Calculate the highest common divisor of 277696 and 64.
64
Calculate the highest common divisor of 21574 and 322.
322
Calculate the greatest common factor of 3567 and 136243.
41
Calculate the highest common divisor of 19 and 20159.
19
What is the greatest common factor of 2815 and 290?
5
Calculate the greatest common divisor of 184 and 2704.
8
Calculate the greatest common factor of 325 and 9841.
13
Calculate the greatest common divisor of 45495 and 16176.
1011
Calculate the highest common divisor of 483 and 118923.
21
What is the greatest common factor of 7216 and 528?
176
What is the greatest common factor of 726 and 306?
6
What is the greatest common divisor of 14518 and 7616?
238
Calculate the highest common factor of 4268160 and 2496.
2496
Calculate the highest common factor of 3780 and 550480.
140
Calculate the greatest common factor of 972 and 118098.
486
Calculate the greatest common divisor of 13189 and 11.
11
Calculate the highest common divisor of 1164 and 444.
12
Calculate the greatest common divisor of 2496 and 1494.
6
Calculate the highest common factor of 979 and 676133.
89
Calculate the greatest common divisor of 117 and 9243.
117
Calculate the highest common divisor of 1072 and 8224.
16
Calculate the highest common factor of 199043 and 299.
13
Calculate the highest common divisor of 9 and 245493.
9
Calculate the greatest common factor of 4465 and 95.
95
Calculate the highest common divisor of 2425962 and 238.
14
Calculate the highest common divisor of 1235533 and 26260.
1313
Calculate the greatest common divisor of 75522 and 307.
307
What is the highest common divisor of 1860 and 136338?
186
What is the highest common divisor of 2165 and 775?
5
What is the greatest common divisor of 1265213 and 6515?
1303
Calculate the highest common divisor of 265546 and 372.
62
Calculate the highest common divisor of 301964 and 39.
13
What is the highest common divisor of 21951 and 6696?
27
Calculate the highest common factor of 27508 and 52.
52
Calculate the greatest common factor of 987 and 406.
7
Calculate the greatest common factor of 321570 and 270.
270
What is the greatest common factor of 15280 and 112?
16
Calculate the greatest common divisor of 1548 and 6756.
12
What is the highest common factor of 8265 and 3420?
285
Calculate the greatest common factor of 4991392 and 224.
224
What is the greatest common factor of 12030 and 5190?
30
What is the greatest common factor of 4580317 and 86?
43
What is the greatest common factor of 10 and 214335?
5
Calculate the highest common divisor of 2425322 and 153.
17
What is the greatest common divisor of 451 and 1298?
11
Calculate the greatest common divisor of 3515 and 232545.
185
What is the greatest common factor of 2397 and 57273?
51
Calculate the highest common factor of 157493 and 19817.
1043
What is the greatest common divisor of 730 and 4672?
146
Calculate the highest common factor of 576 and 2676.
12
Calculate the highest common factor of 30 and 74960.
10
What is the highest common factor of 15932 and 21?
7
What is the greatest common factor of 2198 and 214462?
314
What is 